{"id":1286,"date":"2018-03-05T16:33:45","date_gmt":"2018-03-05T16:33:45","guid":{"rendered":"https:\/\/gayani-yoga.com\/?page_id=1286"},"modified":"2025-06-22T21:19:30","modified_gmt":"2025-06-22T19:19:30","slug":"a-propos","status":"publish","type":"page","link":"https:\/\/gayani-yoga.com\/index.php\/a-propos\/","title":{"rendered":"\u00c0 PROPOS"},"content":{"rendered":"<p>[vc_row][vc_column][vc_separator color=&#8221;black&#8221;][\/vc_column][\/vc_row][vc_row][vc_column][vc_column_text]<img loading=\"lazy\" decoding=\"async\" class=\"size-full wp-image-1354 aligncenter\" src=\"https:\/\/gayani-yoga.com\/wp-content\/uploads\/2018\/03\/Jana.jpg\" alt=\"\" width=\"238\" height=\"126\" \/><\/p>\n<p>&nbsp;<\/p>\n<h3 style=\"text-align: center;\"><em>Professeure de Yoga et Yoga-th\u00e9rapie,<\/em><\/h3>\n<h3 style=\"text-align: center;\"><em> Naturopathe, Masseur th\u00e9rapeutique bien-\u00eatre<\/em><\/h3>\n<p>[\/vc_column_text][\/vc_column][\/vc_row][vc_row css=&#8221;.vc_custom_1523019642437{margin-top: 50px !important;}&#8221;][vc_column][vc_separator color=&#8221;black&#8221;][vc_column_text][\/vc_column_text][\/vc_column][\/vc_row][vc_row content_full_width=&#8221;1&#8243; css=&#8221;.vc_custom_1520926665672{padding-bottom: 50px !important;}&#8221;][vc_column width=&#8221;2\/3&#8243; css=&#8221;.vc_custom_1523019868910{margin-top: -54px !important;}&#8221;][vc_column_text]<img loading=\"lazy\" decoding=\"async\" class=\"alignleft wp-image-1356 size-large\" src=\"https:\/\/gayani-yoga.com\/wp-content\/uploads\/2018\/03\/4M4A0692-1-683x1024.jpg\" alt=\"\" width=\"683\" height=\"1024\" srcset=\"https:\/\/gayani-yoga.com\/wp-content\/uploads\/2018\/03\/4M4A0692-1-683x1024.jpg 683w, https:\/\/gayani-yoga.com\/wp-content\/uploads\/2018\/03\/4M4A0692-1-200x300.jpg 200w, https:\/\/gayani-yoga.com\/wp-content\/uploads\/2018\/03\/4M4A0692-1-768x1152.jpg 768w\" sizes=\"auto, (max-width: 683px) 100vw, 683px\" \/><\/p>\n<p>[\/vc_column_text][\/vc_column][vc_column width=&#8221;1\/3&#8243;][vc_column_text]Depuis jeune \u00e2ge, je me suis int\u00e9ress\u00e9 \u00e0 la spiritualit\u00e9 et la sant\u00e9 naturelle. Pratiquant le yoga depuis plus qu&#8217; une vingtaine d\u2019ann\u00e9es, j\u2019ai v\u00e9cu et travaill\u00e9 dans diff\u00e9rents instituts de Yoga et ashrams ainsi que des centres de m\u00e9ditation, o\u00f9 j\u2019ai pu aussi accumuler et d\u00e9velopper un savoir profond dans l\u2019Ayurv\u00e9da (syst\u00e8me medicinal indien), qui est tr\u00e8s compl\u00e9mentaire avec le Yoga et la naturopathie. La m\u00e9ditation vipassana m\u2019a montr\u00e9 l\u2019essence du Yoga et la pratique est devenue mon chemin de vie.<\/p>\n<p>Pendant ma formation de yoga j\u2019ai d\u00e9couvert les bols sonores et la sonoth\u00e9rapie, et j\u2019ai int\u00e9gr\u00e9 le son dans ma vie comme dans mes soins et le yoga. J\u2019adore partager ces bienfaits qui nous ressourcent et qui nous remettent en contact avec notre propre sonorit\u00e9.<br \/>\nD\u2019autre part, \u00e9tant v\u00e9g\u00e9tarienne, la nutrition et la di\u00e9t\u00e9tique m\u2019int\u00e9ressent \u00e9norm\u00e9ment et j\u2019ai pu d\u00e9couvrir comment le mental et la nutrition jouent ensemble. En je\u00fbnant, j\u2019ai pu me gu\u00e9rir de nombreuses allergies que j\u2019avais d\u00e9velopp\u00e9 au cours des ans.<br \/>\nJe ressens beaucoup de joie \u00e0 \u00eatre dans la nature, la mer et la montagne. Mes bols sonores et mon tapis de yoga m\u2019accompagnent constamment, qu\u2019importe o\u00f9 je me trouve.<\/p>\n<p><img loading=\"lazy\" decoding=\"async\" class=\"aligncenter wp-image-1367 size-full\" src=\"https:\/\/gayani-yoga.com\/wp-content\/uploads\/2018\/03\/Jana-guitare-e1523266165859.jpg\" alt=\"\" width=\"250\" height=\"235\" \/>[\/vc_column_text][\/vc_column][\/vc_row][vc_row][vc_column][vc_column_text]Mes \u00e9tudes de naturopathie, yoga-th\u00e9rapie et ayurv\u00e9da me permettent de voir chaque personne dans sa globalit\u00e9 et de trouver des solutions avec des rem\u00e8des naturelles \u00e0 des probl\u00e8mes divers.<\/p>\n<p>C&#8217;est ma passion et j&#8217;int\u00e8gre tout ce que je vous propose aussi dans ma vie personelle.[\/vc_column_text][\/vc_column][\/vc_row][vc_row css=&#8221;.vc_custom_1523894415978{padding-top: 50px !important;padding-bottom: 30px !important;}&#8221;][vc_column][vc_column_text]<\/p>\n<h3 style=\"text-align: center; font-family: time new roman; font-size: 30px; line-height: 40px;\"><em>Nada Yoga<br \/>\nTout est fait de sonorit\u00e9. Sentez votre propre vibration et connectez-vous avec votre<br \/>\nint\u00e9rieur et le monde ext\u00e9rieur.<\/em><\/h3>\n<p>[\/vc_column_text][\/vc_column][\/vc_row][vc_row][vc_column width=&#8221;1\/4&#8243;][vc_column_text]<img loading=\"lazy\" decoding=\"async\" class=\"alignnone wp-image-1374 size-medium\" src=\"https:\/\/gayani-yoga.com\/wp-content\/uploads\/2018\/03\/4M4A1613-200x300.jpg\" alt=\"\" width=\"200\" height=\"300\" srcset=\"https:\/\/gayani-yoga.com\/wp-content\/uploads\/2018\/03\/4M4A1613-200x300.jpg 200w, https:\/\/gayani-yoga.com\/wp-content\/uploads\/2018\/03\/4M4A1613-768x1152.jpg 768w, https:\/\/gayani-yoga.com\/wp-content\/uploads\/2018\/03\/4M4A1613-683x1024.jpg 683w\" sizes=\"auto, (max-width: 200px) 100vw, 200px\" \/><\/p>\n<p>[\/vc_column_text][\/vc_column][vc_column width=&#8221;3\/4&#8243;][vc_column_text]<\/p>\n<ul>\n<li>Professeure de Yoga -ERYT 500 et Professeure de Yoga pr\u00e9-natal dipl\u00f4m\u00e9e aupr\u00e8s deYoga Vidya e.V., Allemagne<\/li>\n<li>Practicienne du Passive Yoga \u2013 AYTM<\/li>\n<li>Professeure d&#8217;Ashtanga Yoga &#8211; EFAY et\u00a0 Farzad Ahmadpour, David Swenson, Petri R\u00e4is\u00e4nen<\/li>\n<li>Professeure de Yin Yoga \u2013 Josh Summers<\/li>\n<li>Guide de d\u00e9tox \u2013 Yoga Vidya e.V.<\/li>\n<li>Sonoth\u00e9rapeute -PHI \u2013 Peter Hess Institut<\/li>\n<li>Masseuse th\u00e9rapeutique \u2014 dipl\u00f4m\u00e9e aupr\u00e8s de Terramedus<\/li>\n<li>Formation en massage et nutrition ayurv\u00e9dique \u2013 Mysore, Inde<\/li>\n<li>Etudes en Ayurv\u00e9da-American Institute of Vedic Studies<\/li>\n<li>Tao Hands \u2014 Magdalena Kusch<\/li>\n<li>Yogath\u00e9rapie &#8211; Svastha avec A.G. Mohan<\/li>\n<li>Formation en Phonophorese<\/li>\n<li>Formation en Ost\u00e9oth\u00e9rapie<\/li>\n<li>Heilpraktiker &#8211; Naturopathe dipl\u00f4m\u00e9e en Allemagne<\/li>\n<\/ul>\n<p>[\/vc_column_text][\/vc_column][\/vc_row][vc_row][vc_column width=&#8221;1\/2&#8243;][vc_column_text]<img loading=\"lazy\" decoding=\"async\" class=\"wp-image-5606 size-full aligncenter\" src=\"http:\/\/gayani-yoga.com\/wp-content\/uploads\/2025\/06\/E-RYT500.png\" alt=\"\" width=\"200\" height=\"200\" srcset=\"https:\/\/gayani-yoga.com\/wp-content\/uploads\/2025\/06\/E-RYT500.png 200w, https:\/\/gayani-yoga.com\/wp-content\/uploads\/2025\/06\/E-RYT500-150x150.png 150w, https:\/\/gayani-yoga.com\/wp-content\/uploads\/2025\/06\/E-RYT500-50x50.png 50w, https:\/\/gayani-yoga.com\/wp-content\/uploads\/2025\/06\/E-RYT500-100x100.png 100w\" sizes=\"auto, (max-width: 200px) 100vw, 200px\" \/>[\/vc_column_text][\/vc_column][vc_column width=&#8221;1\/2&#8243;][vc_column_text]<img loading=\"lazy\" decoding=\"async\" class=\"size-full wp-image-5604 aligncenter\" src=\"http:\/\/gayani-yoga.com\/wp-content\/uploads\/2025\/06\/YACEP-2.png\" alt=\"\" width=\"200\" height=\"200\" srcset=\"https:\/\/gayani-yoga.com\/wp-content\/uploads\/2025\/06\/YACEP-2.png 200w, https:\/\/gayani-yoga.com\/wp-content\/uploads\/2025\/06\/YACEP-2-150x150.png 150w, https:\/\/gayani-yoga.com\/wp-content\/uploads\/2025\/06\/YACEP-2-50x50.png 50w, https:\/\/gayani-yoga.com\/wp-content\/uploads\/2025\/06\/YACEP-2-100x100.png 100w\" sizes=\"auto, (max-width: 200px) 100vw, 200px\" \/>[\/vc_column_text][\/vc_column][\/vc_row]<\/p>\n","protected":false},"excerpt":{"rendered":"<p>[vc_row][vc_column][vc_separator color=&#8221;black&#8221;][\/vc_column][\/vc_row][vc_row][vc_column][vc_column_text] &nbsp; Professeure de Yoga et Yoga-th\u00e9rapie, Naturopathe, Masseur th\u00e9rapeutique bien-\u00eatre [\/vc_column_text][\/vc_column][\/vc_row][vc_row css=&#8221;.vc_custom_1523019642437{margin-top: 50px !important;}&#8221;][vc_column][vc_separator color=&#8221;black&#8221;][vc_column_text][\/vc_column_text][\/vc_column][\/vc_row][vc_row content_full_width=&#8221;1&#8243; css=&#8221;.vc_custom_1520926665672{padding-bottom: 50px !important;}&#8221;][vc_column width=&#8221;2\/3&#8243; css=&#8221;.vc_custom_1523019868910{margin-top: -54px !important;}&#8221;][vc_column_text] [\/vc_column_text][\/vc_column][vc_column width=&#8221;1\/3&#8243;][vc_column_text]Depuis jeune \u00e2ge, je me suis int\u00e9ress\u00e9 \u00e0 la spiritualit\u00e9 et la sant\u00e9 naturelle. Pratiquant le yoga depuis plus qu&#8217; une vingtaine d\u2019ann\u00e9es, j\u2019ai v\u00e9cu et travaill\u00e9 dans diff\u00e9rents [&hellip;]<\/p>\n","protected":false},"author":2,"featured_media":0,"parent":0,"menu_order":0,"comment_status":"closed","ping_status":"closed","template":"","meta":{"_glsr_average":0,"_glsr_ranking":0,"_glsr_reviews":0,"footnotes":""},"class_list":["post-1286","page","type-page","status-publish","hentry"],"yoast_head":"<!-- This site is optimized with the Yoast SEO plugin v27.4 - https:\/\/yoast.com\/product\/yoast-seo-wordpress\/ -->\n<title>\u00c0 PROPOS - Gayani Yoga<\/title>\n<meta name=\"robots\" content=\"index, follow, max-snippet:-1, max-image-preview:large, max-video-preview:-1\" \/>\n<link rel=\"canonical\" href=\"https:\/\/gayani-yoga.com\/index.php\/a-propos\/\" \/>\n<meta property=\"og:locale\" content=\"fr_FR\" \/>\n<meta property=\"og:type\" content=\"article\" \/>\n<meta property=\"og:title\" content=\"\u00c0 PROPOS - Gayani Yoga\" \/>\n<meta property=\"og:description\" content=\"[vc_row][vc_column][vc_separator color=&#8221;black&#8221;][\/vc_column][\/vc_row][vc_row][vc_column][vc_column_text] &nbsp; Professeure de Yoga et Yoga-th\u00e9rapie, Naturopathe, Masseur th\u00e9rapeutique bien-\u00eatre [\/vc_column_text][\/vc_column][\/vc_row][vc_row css=&#8221;.vc_custom_1523019642437{margin-top: 50px !important;}&#8221;][vc_column][vc_separator color=&#8221;black&#8221;][vc_column_text][\/vc_column_text][\/vc_column][\/vc_row][vc_row content_full_width=&#8221;1&#8243; css=&#8221;.vc_custom_1520926665672{padding-bottom: 50px !important;}&#8221;][vc_column width=&#8221;2\/3&#8243; css=&#8221;.vc_custom_1523019868910{margin-top: -54px !important;}&#8221;][vc_column_text] [\/vc_column_text][\/vc_column][vc_column width=&#8221;1\/3&#8243;][vc_column_text]Depuis jeune \u00e2ge, je me suis int\u00e9ress\u00e9 \u00e0 la spiritualit\u00e9 et la sant\u00e9 naturelle. Pratiquant le yoga depuis plus qu&#8217; une vingtaine d\u2019ann\u00e9es, j\u2019ai v\u00e9cu et travaill\u00e9 dans diff\u00e9rents [&hellip;]\" \/>\n<meta property=\"og:url\" content=\"https:\/\/gayani-yoga.com\/index.php\/a-propos\/\" \/>\n<meta property=\"og:site_name\" content=\"Gayani Yoga\" \/>\n<meta property=\"article:publisher\" content=\"https:\/\/www.facebook.com\/gayaniyoga\/\" \/>\n<meta property=\"article:modified_time\" content=\"2025-06-22T19:19:30+00:00\" \/>\n<meta property=\"og:image\" content=\"https:\/\/gayani-yoga.com\/wp-content\/uploads\/2018\/03\/Jana.jpg\" \/>\n\t<meta property=\"og:image:width\" content=\"238\" \/>\n\t<meta property=\"og:image:height\" content=\"126\" \/>\n\t<meta property=\"og:image:type\" content=\"image\/jpeg\" \/>\n<meta name=\"twitter:card\" content=\"summary_large_image\" \/>\n<meta name=\"twitter:label1\" content=\"Dur\u00e9e de lecture estim\u00e9e\" \/>\n\t<meta name=\"twitter:data1\" content=\"4 minutes\" \/>\n<script type=\"application\/ld+json\" class=\"yoast-schema-graph\">{\"@context\":\"https:\\\/\\\/schema.org\",\"@graph\":[{\"@type\":\"WebPage\",\"@id\":\"https:\\\/\\\/gayani-yoga.com\\\/index.php\\\/a-propos\\\/\",\"url\":\"https:\\\/\\\/gayani-yoga.com\\\/index.php\\\/a-propos\\\/\",\"name\":\"\u00c0 PROPOS - Gayani Yoga\",\"isPartOf\":{\"@id\":\"https:\\\/\\\/gayani-yoga.com\\\/#website\"},\"primaryImageOfPage\":{\"@id\":\"https:\\\/\\\/gayani-yoga.com\\\/index.php\\\/a-propos\\\/#primaryimage\"},\"image\":{\"@id\":\"https:\\\/\\\/gayani-yoga.com\\\/index.php\\\/a-propos\\\/#primaryimage\"},\"thumbnailUrl\":\"https:\\\/\\\/gayani-yoga.com\\\/wp-content\\\/uploads\\\/2018\\\/03\\\/Jana.jpg\",\"datePublished\":\"2018-03-05T16:33:45+00:00\",\"dateModified\":\"2025-06-22T19:19:30+00:00\",\"breadcrumb\":{\"@id\":\"https:\\\/\\\/gayani-yoga.com\\\/index.php\\\/a-propos\\\/#breadcrumb\"},\"inLanguage\":\"fr-FR\",\"potentialAction\":[{\"@type\":\"ReadAction\",\"target\":[\"https:\\\/\\\/gayani-yoga.com\\\/index.php\\\/a-propos\\\/\"]}]},{\"@type\":\"ImageObject\",\"inLanguage\":\"fr-FR\",\"@id\":\"https:\\\/\\\/gayani-yoga.com\\\/index.php\\\/a-propos\\\/#primaryimage\",\"url\":\"https:\\\/\\\/gayani-yoga.com\\\/wp-content\\\/uploads\\\/2018\\\/03\\\/Jana.jpg\",\"contentUrl\":\"https:\\\/\\\/gayani-yoga.com\\\/wp-content\\\/uploads\\\/2018\\\/03\\\/Jana.jpg\",\"width\":238,\"height\":126},{\"@type\":\"BreadcrumbList\",\"@id\":\"https:\\\/\\\/gayani-yoga.com\\\/index.php\\\/a-propos\\\/#breadcrumb\",\"itemListElement\":[{\"@type\":\"ListItem\",\"position\":1,\"name\":\"Accueil\",\"item\":\"https:\\\/\\\/gayani-yoga.com\\\/\"},{\"@type\":\"ListItem\",\"position\":2,\"name\":\"\u00c0 PROPOS\"}]},{\"@type\":\"WebSite\",\"@id\":\"https:\\\/\\\/gayani-yoga.com\\\/#website\",\"url\":\"https:\\\/\\\/gayani-yoga.com\\\/\",\"name\":\"Gayani Yoga\",\"description\":\"\",\"potentialAction\":[{\"@type\":\"SearchAction\",\"target\":{\"@type\":\"EntryPoint\",\"urlTemplate\":\"https:\\\/\\\/gayani-yoga.com\\\/?s={search_term_string}\"},\"query-input\":{\"@type\":\"PropertyValueSpecification\",\"valueRequired\":true,\"valueName\":\"search_term_string\"}}],\"inLanguage\":\"fr-FR\"}]}<\/script>\n<!-- \/ Yoast SEO plugin. -->","yoast_head_json":{"title":"\u00c0 PROPOS - Gayani Yoga","robots":{"index":"index","follow":"follow","max-snippet":"max-snippet:-1","max-image-preview":"max-image-preview:large","max-video-preview":"max-video-preview:-1"},"canonical":"https:\/\/gayani-yoga.com\/index.php\/a-propos\/","og_locale":"fr_FR","og_type":"article","og_title":"\u00c0 PROPOS - Gayani Yoga","og_description":"[vc_row][vc_column][vc_separator color=&#8221;black&#8221;][\/vc_column][\/vc_row][vc_row][vc_column][vc_column_text] &nbsp; Professeure de Yoga et Yoga-th\u00e9rapie, Naturopathe, Masseur th\u00e9rapeutique bien-\u00eatre [\/vc_column_text][\/vc_column][\/vc_row][vc_row css=&#8221;.vc_custom_1523019642437{margin-top: 50px !important;}&#8221;][vc_column][vc_separator color=&#8221;black&#8221;][vc_column_text][\/vc_column_text][\/vc_column][\/vc_row][vc_row content_full_width=&#8221;1&#8243; css=&#8221;.vc_custom_1520926665672{padding-bottom: 50px !important;}&#8221;][vc_column width=&#8221;2\/3&#8243; css=&#8221;.vc_custom_1523019868910{margin-top: -54px !important;}&#8221;][vc_column_text] [\/vc_column_text][\/vc_column][vc_column width=&#8221;1\/3&#8243;][vc_column_text]Depuis jeune \u00e2ge, je me suis int\u00e9ress\u00e9 \u00e0 la spiritualit\u00e9 et la sant\u00e9 naturelle. Pratiquant le yoga depuis plus qu&#8217; une vingtaine d\u2019ann\u00e9es, j\u2019ai v\u00e9cu et travaill\u00e9 dans diff\u00e9rents [&hellip;]","og_url":"https:\/\/gayani-yoga.com\/index.php\/a-propos\/","og_site_name":"Gayani Yoga","article_publisher":"https:\/\/www.facebook.com\/gayaniyoga\/","article_modified_time":"2025-06-22T19:19:30+00:00","og_image":[{"width":238,"height":126,"url":"https:\/\/gayani-yoga.com\/wp-content\/uploads\/2018\/03\/Jana.jpg","type":"image\/jpeg"}],"twitter_card":"summary_large_image","twitter_misc":{"Dur\u00e9e de lecture estim\u00e9e":"4 minutes"},"schema":{"@context":"https:\/\/schema.org","@graph":[{"@type":"WebPage","@id":"https:\/\/gayani-yoga.com\/index.php\/a-propos\/","url":"https:\/\/gayani-yoga.com\/index.php\/a-propos\/","name":"\u00c0 PROPOS - Gayani Yoga","isPartOf":{"@id":"https:\/\/gayani-yoga.com\/#website"},"primaryImageOfPage":{"@id":"https:\/\/gayani-yoga.com\/index.php\/a-propos\/#primaryimage"},"image":{"@id":"https:\/\/gayani-yoga.com\/index.php\/a-propos\/#primaryimage"},"thumbnailUrl":"https:\/\/gayani-yoga.com\/wp-content\/uploads\/2018\/03\/Jana.jpg","datePublished":"2018-03-05T16:33:45+00:00","dateModified":"2025-06-22T19:19:30+00:00","breadcrumb":{"@id":"https:\/\/gayani-yoga.com\/index.php\/a-propos\/#breadcrumb"},"inLanguage":"fr-FR","potentialAction":[{"@type":"ReadAction","target":["https:\/\/gayani-yoga.com\/index.php\/a-propos\/"]}]},{"@type":"ImageObject","inLanguage":"fr-FR","@id":"https:\/\/gayani-yoga.com\/index.php\/a-propos\/#primaryimage","url":"https:\/\/gayani-yoga.com\/wp-content\/uploads\/2018\/03\/Jana.jpg","contentUrl":"https:\/\/gayani-yoga.com\/wp-content\/uploads\/2018\/03\/Jana.jpg","width":238,"height":126},{"@type":"BreadcrumbList","@id":"https:\/\/gayani-yoga.com\/index.php\/a-propos\/#breadcrumb","itemListElement":[{"@type":"ListItem","position":1,"name":"Accueil","item":"https:\/\/gayani-yoga.com\/"},{"@type":"ListItem","position":2,"name":"\u00c0 PROPOS"}]},{"@type":"WebSite","@id":"https:\/\/gayani-yoga.com\/#website","url":"https:\/\/gayani-yoga.com\/","name":"Gayani Yoga","description":"","potentialAction":[{"@type":"SearchAction","target":{"@type":"EntryPoint","urlTemplate":"https:\/\/gayani-yoga.com\/?s={search_term_string}"},"query-input":{"@type":"PropertyValueSpecification","valueRequired":true,"valueName":"search_term_string"}}],"inLanguage":"fr-FR"}]}},"post_mailing_queue_ids":[],"_links":{"self":[{"href":"https:\/\/gayani-yoga.com\/index.php\/wp-json\/wp\/v2\/pages\/1286","targetHints":{"allow":["GET"]}}],"collection":[{"href":"https:\/\/gayani-yoga.com\/index.php\/wp-json\/wp\/v2\/pages"}],"about":[{"href":"https:\/\/gayani-yoga.com\/index.php\/wp-json\/wp\/v2\/types\/page"}],"author":[{"embeddable":true,"href":"https:\/\/gayani-yoga.com\/index.php\/wp-json\/wp\/v2\/users\/2"}],"replies":[{"embeddable":true,"href":"https:\/\/gayani-yoga.com\/index.php\/wp-json\/wp\/v2\/comments?post=1286"}],"version-history":[{"count":17,"href":"https:\/\/gayani-yoga.com\/index.php\/wp-json\/wp\/v2\/pages\/1286\/revisions"}],"predecessor-version":[{"id":5615,"href":"https:\/\/gayani-yoga.com\/index.php\/wp-json\/wp\/v2\/pages\/1286\/revisions\/5615"}],"wp:attachment":[{"href":"https:\/\/gayani-yoga.com\/index.php\/wp-json\/wp\/v2\/media?parent=1286"}],"curies":[{"name":"wp","href":"https:\/\/api.w.org\/{rel}","templated":true}]}}